y 844.
6
Calculate the remainder when 112 is divided by 5.
2
Calculate the remainder when 5375 is divided by 12.
11
What is the remainder when 10 is divided by 2?
0
Calculate the remainder when 41 is divided by 7.
6
What is the remainder when 5818 is divided by 20?
18
Calculate the remainder when 245 is divided by 84.
77
Calculate the remainder when 109 is divided by 19.
14
Calculate the remainder when 83 is divided by 11.
6
Calculate the remainder when 90 is divided by 12.
6
What is the remainder when 3432 is divided by 34?
32
What is the remainder when 691 is divided by 77?
75
Calculate the remainder when 73 is divided by 20.
13
Calculate the remainder when 385 is divided by 65.
60
Calculate the remainder when 156 is divided by 53.
50
What is the remainder when 191 is divided by 181?
10
What is the remainder when 94 is divided by 90?
4
What is the remainder when 479 is divided by 137?
68
Calculate the remainder when 2919 is divided by 1447.
25
Calculate the remainder when 1618 is divided by 4.
2
What is the remainder when 37 is divided by 23?
14
Calculate the remainder when 36 is divided by 20.
16
What is the remainder when 886 is divided by 98?
4
What is the remainder when 4115 is divided by 98?
97
Calculate the remainder when 2786 is divided by 30.
26
What is the remainder when 99 is divided by 12?
3
Calculate the remainder when 1634 is divided by 272.
2
What is the remainder when 8318 is divided by 73?
69
What is the remainder when 700 is divided by 19?
16
Calculate the remainder when 88 is divided by 13.
10
What is the remainder when 544 is divided by 42?
40
Calculate the remainder when 3069 is divided by 32.
29
Calculate the remainder when 56 is divided by 3.
2
What is the remainder when 459 is divided by 113?
7
What is the remainder when 97 is divided by 14?
13
Calculate the remainder when 220 is divided by 197.
23
What is the remainder when 961 is divided by 25?
11
Calculate the remainder when 567 is divided by 19.
16
Calculate the remainder when 83 is divided by 24.
11
What is the remainder when 30 is divided by 10?
0
Calculate the remainder when 2457 is divided by 71.
43
Calculate the remainder when 1138 is divided by 43.
20
What is the remainder when 34 is divided by 18?
16
What is the remainder when 47 is divided by 16?
15
Calculate the remainder when 615 is divided by 127.
107
What is the remainder when 8830 is divided by 128?
126
What is the remainder when 1446 is divided by 69?
66
What is the remainder when 839 is divided by 29?
27
Calculate the remainder when 81 is divided by 6.
3
Calculate the remainder when 9474 is divided by 25.
24
What is the remainder when 72 is divided by 51?
21
What is the remainder when 35 is divided by 7?
0
What is the remainder when 3207 is divided by 107?
104
What is the remainder when 806 is divided by 10?
6
What is the remainder when 2430 is divided by 195?
90
What is the remainder when 531 is divided by 263?
5
What is the remainder when 227 is divided by 31?
10
Calculate the remainder when 637 is divided by 129.
121
What is the remainder when 291 is divided by 165?
126
Calculate the remainder when 102 is divided by 31.
9
What is the remainder when 1083 is divided by 269?
7
Calculate the remainder when 182 is divided by 46.
44
What is the remainder when 238 is divided by 33?
7
Calculate the remainder when 735 is divided by 113.
57
What is the remainder when 873 is divided by 830?
43
Calculate the remainder when 2231 is divided by 80.
71
What is the remainder when 92 is divided by 81?
11
Calculate the remainder when 18 is divided by 8.
2
Calculate the remainder when 118 is divided by 26.
14
Calculate the remainder when 6199 is divided by 23.
12
What is the remainder when 340 is divided by 49?
46
Calculate the remainder when 268 is divided by 21.
16
What is the remainder when 34 is divided by 8?
2
Calculate the remainder when 1491 is divided by 17.
12
Calculate the remainder when 187 is divided by 82.
23
Calculate the remainder when 3256 is divided by 182.
162
Calculate the remainder when 442 is divided by 30.
22
Calculate the remainder when 352 is divided by 71.
68
Calculate the remainder when 289 is divided by 77.
58
Calculate the remainder when 16467 is divided by 27.
24
What is the remainder when 2187 is divided by 44?
31
Calculate the remainder when 747 is divided by 150.
147
Calculate the remainder when 264 is divided by 56.
40
What is the remainder when 877 is divided by 162?
67
Calculate the remainder when 2794 is divided by 465.
4
What is the remainder when 510 is divided by 16?
14
What is the remainder when 228 is divided by 119?
109
What is the remainder when 1148 is divided by 77?
70
Calculate the remainder when 214 is divided by 51.
10
What is the remainder when 3113 is divided by 4?
1
What is the remainder when 1437 is divided by 32?
29
Calculate the remainder when 15 is divided by 5.
0
Calculate the remainder when 411 is divided by 88.
59
What is the remainder when 9025 is divided by 59?
57
Calculate the remainder when 8899 is divided by 2966.
1
Calculate the remainder when 98 is divided by 33.
32
What is the remainder when 150 is divided by 52?
46
Calculate the remainder when 3240 is divided by 23.
20
What is the remainder when 185 is divided by 21?
17
Calculate the remainder when 5069 is divided by 16.
13
Calculate the remainder when 482 is divided by 120.
2
Calculate the remainder when 140 is divided by 48.
44
What is the remainder when 2222 is divided by 203?
192
What is the remainder when 38697 is divided by 129?
126
Calculate the remainder when 12647 is divided by 253.
250
What is the remainder when 77 is divided by 31?
15
Calculate the remainder when 163 is divided by 141.
22
Calculate the remainder when 1008 is divided by 331.
15
Calculate the remainder when 149 is divided by 51.
47
What is the remainder when 197 is divided by 47?
9
What is the remainder when 3324 is divided by 18?
12
Calculate the remainder when 568 is divided by 3.
1
What is the remainder when 152 is divided by 31?
28
Calculate the remainder when 357 is divided by 4.
1
What is the remainder when 973 is divided by 243?
1
What is the remainder when 1132 is divided by 67?
60
What is the remainder when 2036 is divided by 102?
98
Calculate the remainder when 80 is divided by 77.
3
Calculate the remainder when 1761 is divided by 216.
33
Calculate the remainder when 435 is divided by 19.
17
What is the remainder when 7737 is divided by 43?
40
Calculate the remainder when 123 is divided by 54.
15
What is the remainder when 356 is divided by 61?
51
What is the remainder when 706 is divided by 118?
116
What is the remainder when 44 is divided by 8?
4
What is the remainder when 208 is divided by 67?
7
Calculate the remainder when 78 is divided by 17.
10
Calculate the remainder when 37 is divided by 23.
14
Calculate the remainder when 54 is divided by 43.
11
What is the remainder when 712 is divided by 13?
10
Calculate the remainder when 160 is divided by 60.
40
What is the remainder when 170 is divided by 58?
54
Calculate the remainder when 700 is divided by 341.
18
Calculate the remainder when 439 is divided by 168.
103
What is the remainder when 951 is divided by 161?
146
Calculate the remainder when 48 is divided by 9.
3
Calculate the remainder when 333 is divided by 20.
13
Calculate the remainder when 3397 is divided by 33.
31
What is the remainder when 266 is divided by 117?
32
Calculate the remainder when 588 is divided by 9.
3
Calculate the remainder when 4462 is divided by 144.
142
What is the remainder when 119 is divided by 30?
29
Calculate the remainder when 906 is divided by 35.
31
Calculate the remainder when 183 is divided by 101.
82
Calculate the remainder when 49 is divided by 32.
17
What is the remainder when 202 is divided by 53?
43
What is the remainder when 272 is divided by 46?
42
Calculate the remainder when 16561 is divided by 13.
12
What is the remainder when 105 is divided by 3?
0
Calculate the remainder when 77 is divided by 12.
5
What is the remainder when 711 is divided by 34?
31
What is the remainder when 794 is divided by 20?
14
Calculate the remainder when 163 is divided by 28.
23
Calculate the remainder when 8370 is divided by 28.
26
Calculate the remainder when 141 is divided by 15